 digit of x?
1
Let b = -135 + 2313. Suppose -11*y - 7*y = -b. What is the units digit of y?
1
Suppose 2*p = -p. Suppose 5*h = -4*w + 1547, -3*h + 910 = -73*w + 78*w. Suppose -q + 86 = 5*b, 0*q - 3*q + 4*b + h = p. What is the units digit of q?
1
Let l = -400 - -99. Let y = l + 367. What is the tens digit of y?
6
Let b be (1 + 1)*(1 + 594/6). What is the hundreds digit of 2*(-5)/8 - (-157650)/b?
7
Let z(q) = 2*q**3 + 13*q**2 + 3*q - 7. Let o be z(-7). Let i = -77 - o. Suppose n + 2*l - 12 = 0, i*n + 44 = 3*n + 2*l. What is the tens digit of n?
1
Let v = -286 - -268. What is the tens digit of ((v - -8) + -1074)/((-4)/2)?
4
Let h = 42 + -40. Let u = h - 0. Suppose 3*j - 161 + 70 = -u*x, 129 = 3*x - 3*j. What is the tens digit of x?
4
Let a(m) = 2*m**2 - 69*m + 18882. What is the units digit of a(0)?
2
Let i(m) = 9525*m**3 + 26*m**2 + 7*m - 9. What is the ten thousands digit of i(2)?
7
Suppose 6*j - 2*j = 64. Suppose 5*b + j = -h, -3*h + 0*h - 8 = 5*b. Suppose x + 3 = 0, -16 = -2*v + h*x + 56. What is the tens digit of v?
3
Suppose 10 = -6*i + 28. Suppose -u + 10 = -3*z, -z + i*z + 9 = 3*u. What is the units digit of (-460)/(-12) - 2/z?
9
What is the thousands digit of 21/(-49) - 53693/(-7)?
7
Let v(m) = -11*m**2 + 11*m**2 + 2*m - 4*m**3 + 2 - 3*m**2. Let u be v(-3). Let w = -70 + u. What is the units digit of w?
7
Suppose -n = -2*n + h + 11, -2 = h. What is the tens digit of (-24)/(-54) + 6080/n?
7
Suppose 3*x = 4*u - 5, -u + 2*x = -0*x. Let s be (1/2)/(u/20). Suppose s*v - 128 = 4*c, -2*v + 39 + 13 = -2*c. What is the units digit of v?
4
Let c be (-6)/12*(0 + -2 + -4). Let t(o) = 3*o**3 - 5 - 5*o**2 - 2*o**c - o**2 - 2*o**2. What is the units digit of t(10)?
5
Suppose 4*s + 3*n - 44337 = 0, -4*s + 0*s + 44344 = -4*n. What is the thousands digit of s?
1
Let p(h) = -4083*h - 201. What is the thousands digit of p(-4)?
6
Let f be (-16)/(-6)*22/((-44)/3)*-1. Let l(o) = o + 3. Let s be l(-3). Suppose 4*p = -f*k + 836, s = -3*p - 0*k - 4*k + 630. What is the tens digit of p?
0
Suppose 127 = -4*n + 4435. Suppose -127*v + 124*v = -n. What is the units digit of v?
9
Let m = -32 + 41. Suppose 3578 = m*k - 1345. What is the units digit of k?
7
Let f(s) = 2371*s + 11. Let w be f(-6). What is the hundreds digit of 2/5 + 6/(-150)*w?
5
Suppose 11*a - 1705499 - 1007685 = -21*a. What is the thousands digit of a?
4
Let g be 179/3 + (-4)/6. Suppose -g = 8*f + 13. What is the units digit of 48/f + 5 + (-184)/(-3)?
1
Let o be -6 - -1 - (35 - 64). Suppose -31251 + 7131 = -o*h. What is the thousands digit of h?
1
Let z = -153 - -21. Let f be 246/22 + 24/z. Suppose -316 = -13*j + f*j. What is the units digit of j?
8
Let s(q) be the third derivative of -q**6/120 + 7*q**5/15 + 35*q**4/12 - 35*q**3/6 + 8*q**2 + 4*q. What is the tens digit of s(30)?
6
What is the units digit of (2 - 4/3) + (-5678596)/(-1236)?
5
Suppose -15 - 15 = -6*b. Suppose -39 = 4*n - b*o, o - 25 = 2*n + 4*o. What is the tens digit of 984/33 - 2/n?
3
Suppose i + 4*x = 32, 0*i = i + 5*x - 37. Let q(t) = -i*t + 12*t - 6*t + 1 + 5. What is the tens digit of q(-8)?
5
Suppose 6 = -4*a - 2*a. Let j(v) = 529*v - 10. Let g be j(a). Let u = g + 821. What is the hundreds digit of u?
2
Let q = -261 - 164. Let w = 842 + q. What is the tens digit of w?
1
Let o(f) = -875*f - 315. What is the tens digit of o(-9)?
6
Let z(v) = 6*v**2 - 8*v + 5. Let o be z(1). Suppose 15*a - 12*a - 293 = -5*r, -o*a + 261 = -3*r. What is the tens digit of a?
9
Let d be (-1466)/14 + 2 + 2/(-7). Let m = -77 - d. Let a = m - -178. What is the tens digit of a?
0
Let l(f) = 20*f**2 + 41*f - 583. What is the hundreds digit of l(-61)?
3
Let s(l) = 6*l. Let a be s(-1). Suppose 3*k + 15*i + 264 = 11*i, i - 249 = 3*k. Let p = a - k. What is the tens digit of p?
7
Suppose 0 = 3*k + 4*g - 194, -5*k + 79 = -g - 229. Let y = 52 - k. What is the units digit of (0 - 1*y) + 1 + -3?
8
Let o(i) be the second derivative of i**5/5 + 5*i**4/12 - i**3/3 - i**2 - 6*i + 2. What is the units digit of o(6)?
0
Suppose 0 = -39*y + 54*y - 92355. What is the tens digit of y?
5
Suppose -i + 0*c = 2*c - 160, 174 = i - 5*c. Let l = i + -157. What is the units digit of l?
7
Suppose -5*r = -r - 4*o - 1776, -5*r - o + 2220 = 0. Let q = r - -19. What is the tens digit of q?
6
Let v = 3188 - -1389. What is the units digit of v?
7
Suppose -118*g = -247*g + 1518975. What is the ten thousands digit of g?
1
Let x = 165 - 160. Let u(l) = -l**2 + 12*l - 3. Let z be u(9). Let i = z - x. What is the tens digit of i?
1
Suppose 2*w + 15 = -15. Let l be ((-2)/(-4))/((-13)/156). What is the tens digit of (612/30)/(l/w)?
5
Let q = -1647 - -32362. What is the thousands digit of q?
0
Let m = 204 - 587. Let j = m + 1174. Suppose -j = -6*u + 511. What is the hundreds digit of u?
2
Suppose -8*d = -4*d - 16. Suppose 0 = 2*w + 5*s + 17, s = 2*w - d*s - 33. Let u(v) = 10*v**2 - 3*v + 8. What is the units digit of u(w)?
6
Suppose 43*h + 419 = 44*h. Suppose -f = -4*i + 1157, -i - 2*i = -2*f - 874. Let c = h - i. What is the units digit of c?
1
Let j = 78224 + -21905. What is the ten thousands digit of j?
5
Suppose 0 = 147*i - 4887 - 2904. What is the tens digit of i?
5
Let u = 2 - -9. Let g = u + 109. Suppose -4*o + 44 + g = 0. What is the units digit of o?
1
Suppose -2*n = -162 - 2752. Suppose 7*f - n = -24*f. What is the units digit of f?
7
Suppose 149*n = -17*n + 1170300. What is the tens digit of n?
5
Let u = 94 - 64. Let z be 1*-2 - 5/(u/(-1356)). Suppose -46 = c + g - z, 3*g + 198 = c. What is the hundreds digit of c?
1
Let s(t) = 2*t**3 + t**2 - 13*t - 5. Let c(d) = d**3 + 5*d**2 - 6*d + 5. Let u be c(-6). What is the tens digit of s(u)?
0
Suppose p - 5*i = -p + 8, -3*p - 2*i - 26 = 0. Let s(x) = 135*x + 6. Let v(f) = -34*f - 1. Let k(o) = s(o) + 5*v(o). What is the hundreds digit of k(p)?
2
Let v(o) = 158*o**2 + 81*o + 567. What is the hundreds digit of v(-10)?
5
Let i(y) = y**3 - 17*y**2 + 40*y + 41. What is the units digit of i(18)?
5
Suppose 0 = -3*m - 8 - 22. Let g be 4/m - 3762/(-30). Suppose 2*i = 4*o + 3*i - g, 3*o = -i + 95. What is the units digit of o?
0
Let u(i) = -2*i**3 + 23*i**2 + 14*i - 5. Suppose -16*b = -6*b - 110. What is the hundreds digit of u(b)?
2
Let v(z) = -102*z - 3939. What is the units digit of v(-65)?
1
Let b = 82 - -17. Let z = b + -96. Suppose -z*l + 414 = -l. What is the hundreds digit of l?
2
Let g be (-17)/(-3) + 4/3*1. Let f be (8/16)/(1 - g/8). What is the units digit of -4 - f*10/(-1)?
6
Let k = 11656 + -5228. What is the thousands digit of k?
6
Suppose y = -y + 4*z - 16, 5*y - 2 = -4*z. What is the tens digit of 21 - (6 + 6/y)?
1
Let o(z) be the first derivative of 12 + 3/2*z**2 + 152*z. What is the tens digit of o(0)?
5
Let k = 631 - 289. Let m = k - -541. What is the units digit of m?
3
Let z = -6313 - -10370. What is the thousands digit of z?
4
Let n be 14/4 + 1/2. Let d be (-360)/(-162) + (-6)/27. Suppose 4 = o - 1, -174 = -d*f - n*o. What is the tens digit of f?
7
Let t(d) be the second derivative of -4*d**3 + 7*d**2 - 37*d - 1. Let w(r) = -r**2 + 2*r + 3. Let p be w(-2). What is the tens digit of t(p)?
3
Let v(j) = -534*j**3 + 2*j**2 - 2*j + 3. Let z be v(1). Let p = -357 - z. What is the hundreds digit of p?
1
Suppose 3*y - 4*r = -13953 + 54775, 3*r = 4*y - 54434. What is the units digit of y?
0
Suppose v = -3*v + 40. Let j be (-1308)/15*v/(-4). Let g = j + -42. What is the hundreds digit of g?
1
Suppose 4*n = f + 9661 - 2872, 4*n + 3*f - 6769 = 0. What is the tens digit of n?
9
What is the thousands digit of (-1654954)/(-294) + (5 - (-107)/(-21))?
5
Suppose -4*d + p - 9 = 0, 4*p = -5*d - 497 + 512. Let k = -2 + 4. What is the units digit of d*k - (-25 + -5 - 0)?
8
Suppose -3*v = 5*j - 2*j - 162, 221 = 4*j - v. Let h = j + 87. What is the hundreds digit of h?
1
Let n be -27*5*(-10)/(-45)*-6. Let y(b) = 2*b - 2. Let a be y(3). Suppose 4*x = 5*f - n, 5*f - a*x = x + 185. What is the tens digit of f?
3
Let t = -1937 + 4563. Suppose -4*w = -b + 1322, 69*b - 2*w = 67*b + t. What is the thousands digit of b?
1
Let k = -10808 + 50522. What is the tens digit of k?
1
Suppose -4*v + 87*m + 20341 = 88*m, v - 3*m = 5095. What is the tens digit of v?
8
Suppose 0 = c + 29 - 31. Suppose 4*q - 777 = 4*a + 5183, c*q - 2989 = 5*a. What is the thousands digit o